{"id":137989,"date":"2023-05-05T13:18:35","date_gmt":"2023-05-05T11:18:35","guid":{"rendered":"https:\/\/president-ksgov.net\/conseil-pour-la-democratie-et-les-droits-de-lhomme\/"},"modified":"2023-05-05T13:18:35","modified_gmt":"2023-05-05T11:18:35","slug":"conseil-pour-la-democratie-et-les-droits-de-lhomme","status":"publish","type":"page","link":"https:\/\/president-ksgov.net\/fr\/conseil-pour-la-democratie-et-les-droits-de-lhomme\/","title":{"rendered":"Conseil pour la d\u00e9mocratie et les droits de l&rsquo;homme"},"content":{"rendered":"","protected":false},"excerpt":{"rendered":"","protected":false},"author":11,"featured_media":86338,"parent":0,"menu_order":0,"comment_status":"closed","ping_status":"closed","template":"","meta":{"_eb_attr":"","footnotes":""},"class_list":["post-137989","page","type-page","status-publish","has-post-thumbnail","hentry"],"yoast_head":"<!-- This site is optimized with the Yoast SEO plugin v23.5 - https:\/\/yoast.com\/wordpress\/plugins\/seo\/ -->\n<title>Conseil pour la d\u00e9mocratie et les droits de l&#039;homme - Presidente e Republik\u00ebs s\u00eb Kosov\u00ebs<\/title>\n<meta name=\"description\" content=\"Conseil pour la d\u00e9mocratie et les droits de l&#039;homme - Presidente e Republik\u00ebs s\u00eb Kosov\u00ebs -\" \/>\n<meta name=\"robots\" content=\"index, follow, max-snippet:-1, max-image-preview:large, max-video-preview:-1\" \/>\n<link rel=\"canonical\" href=\"https:\/\/president-ksgov.net\/conseil-pour-la-democratie-et-les-droits-de-lhomme\/\" \/>\n<meta property=\"og:locale\" content=\"fr_FR\" \/>\n<meta property=\"og:type\" content=\"article\" \/>\n<meta property=\"og:title\" content=\"Conseil pour la d\u00e9mocratie et les droits de l&#039;homme - Presidente e Republik\u00ebs s\u00eb Kosov\u00ebs\" \/>\n<meta property=\"og:description\" content=\"Conseil pour la d\u00e9mocratie et les droits de l&#039;homme - Presidente e Republik\u00ebs s\u00eb Kosov\u00ebs -\" \/>\n<meta property=\"og:url\" content=\"https:\/\/president-ksgov.net\/conseil-pour-la-democratie-et-les-droits-de-lhomme\/\" \/>\n<meta property=\"og:site_name\" content=\"Presidente e Republik\u00ebs s\u00eb Kosov\u00ebs\" \/>\n<meta property=\"og:image\" content=\"https:\/\/president-ksgov.net\/wp-content\/uploads\/Zyra-e-Presidentes-Featured-Image1-e1678970937938.png\" \/>\n\t<meta property=\"og:image:width\" content=\"1024\" \/>\n\t<meta property=\"og:image:height\" content=\"716\" \/>\n\t<meta property=\"og:image:type\" content=\"image\/png\" \/>\n<meta name=\"twitter:card\" content=\"summary_large_image\" \/>\n<script type=\"application\/ld+json\" class=\"yoast-schema-graph\">{\"@context\":\"https:\/\/schema.org\",\"@graph\":[{\"@type\":\"WebPage\",\"@id\":\"https:\/\/president-ksgov.net\/conseil-pour-la-democratie-et-les-droits-de-lhomme\/\",\"url\":\"https:\/\/president-ksgov.net\/conseil-pour-la-democratie-et-les-droits-de-lhomme\/\",\"name\":\"Conseil pour la d\u00e9mocratie et les droits de l'homme - Presidente e Republik\u00ebs s\u00eb Kosov\u00ebs\",\"isPartOf\":{\"@id\":\"https:\/\/president-ksgov.net\/#website\"},\"primaryImageOfPage\":{\"@id\":\"https:\/\/president-ksgov.net\/conseil-pour-la-democratie-et-les-droits-de-lhomme\/#primaryimage\"},\"image\":{\"@id\":\"https:\/\/president-ksgov.net\/conseil-pour-la-democratie-et-les-droits-de-lhomme\/#primaryimage\"},\"thumbnailUrl\":\"https:\/\/president-ksgov.net\/wp-content\/uploads\/Zyra-e-Presidentes-Featured-Image1-e1678970937938.png\",\"datePublished\":\"2023-05-05T11:18:35+00:00\",\"dateModified\":\"2023-05-05T11:18:35+00:00\",\"description\":\"Conseil pour la d\u00e9mocratie et les droits de l'homme - Presidente e Republik\u00ebs s\u00eb Kosov\u00ebs -\",\"breadcrumb\":{\"@id\":\"https:\/\/president-ksgov.net\/conseil-pour-la-democratie-et-les-droits-de-lhomme\/#breadcrumb\"},\"inLanguage\":\"fr-FR\",\"potentialAction\":[{\"@type\":\"ReadAction\",\"target\":[\"https:\/\/president-ksgov.net\/conseil-pour-la-democratie-et-les-droits-de-lhomme\/\"]}]},{\"@type\":\"ImageObject\",\"inLanguage\":\"fr-FR\",\"@id\":\"https:\/\/president-ksgov.net\/conseil-pour-la-democratie-et-les-droits-de-lhomme\/#primaryimage\",\"url\":\"https:\/\/president-ksgov.net\/wp-content\/uploads\/Zyra-e-Presidentes-Featured-Image1-e1678970937938.png\",\"contentUrl\":\"https:\/\/president-ksgov.net\/wp-content\/uploads\/Zyra-e-Presidentes-Featured-Image1-e1678970937938.png\",\"width\":1024,\"height\":716},{\"@type\":\"BreadcrumbList\",\"@id\":\"https:\/\/president-ksgov.net\/conseil-pour-la-democratie-et-les-droits-de-lhomme\/#breadcrumb\",\"itemListElement\":[{\"@type\":\"ListItem\",\"position\":1,\"name\":\"Home\",\"item\":\"https:\/\/president-ksgov.net\/fr\/\"},{\"@type\":\"ListItem\",\"position\":2,\"name\":\"Conseil pour la d\u00e9mocratie et les droits de l&rsquo;homme\"}]},{\"@type\":\"WebSite\",\"@id\":\"https:\/\/president-ksgov.net\/#website\",\"url\":\"https:\/\/president-ksgov.net\/\",\"name\":\"Presidente e Republik\u00ebs s\u00eb Kosov\u00ebs\",\"description\":\"Presidente e Republik\u00ebs s\u00eb Kosov\u00ebs\",\"alternateName\":\"DR. VJOSA OSMANI - SADRIU\",\"potentialAction\":[{\"@type\":\"SearchAction\",\"target\":{\"@type\":\"EntryPoint\",\"urlTemplate\":\"https:\/\/president-ksgov.net\/?s={search_term_string}\"},\"query-input\":{\"@type\":\"PropertyValueSpecification\",\"valueRequired\":true,\"valueName\":\"search_term_string\"}}],\"inLanguage\":\"fr-FR\"}]}<\/script>\n<!-- \/ Yoast SEO plugin. -->","yoast_head_json":{"title":"Conseil pour la d\u00e9mocratie et les droits de l'homme - Presidente e Republik\u00ebs s\u00eb Kosov\u00ebs","description":"Conseil pour la d\u00e9mocratie et les droits de l'homme - Presidente e Republik\u00ebs s\u00eb Kosov\u00ebs -","robots":{"index":"index","follow":"follow","max-snippet":"max-snippet:-1","max-image-preview":"max-image-preview:large","max-video-preview":"max-video-preview:-1"},"canonical":"https:\/\/president-ksgov.net\/conseil-pour-la-democratie-et-les-droits-de-lhomme\/","og_locale":"fr_FR","og_type":"article","og_title":"Conseil pour la d\u00e9mocratie et les droits de l'homme - Presidente e Republik\u00ebs s\u00eb Kosov\u00ebs","og_description":"Conseil pour la d\u00e9mocratie et les droits de l'homme - Presidente e Republik\u00ebs s\u00eb Kosov\u00ebs -","og_url":"https:\/\/president-ksgov.net\/conseil-pour-la-democratie-et-les-droits-de-lhomme\/","og_site_name":"Presidente e Republik\u00ebs s\u00eb Kosov\u00ebs","og_image":[{"width":1024,"height":716,"url":"https:\/\/president-ksgov.net\/wp-content\/uploads\/Zyra-e-Presidentes-Featured-Image1-e1678970937938.png","type":"image\/png"}],"twitter_card":"summary_large_image","schema":{"@context":"https:\/\/schema.org","@graph":[{"@type":"WebPage","@id":"https:\/\/president-ksgov.net\/conseil-pour-la-democratie-et-les-droits-de-lhomme\/","url":"https:\/\/president-ksgov.net\/conseil-pour-la-democratie-et-les-droits-de-lhomme\/","name":"Conseil pour la d\u00e9mocratie et les droits de l'homme - Presidente e Republik\u00ebs s\u00eb Kosov\u00ebs","isPartOf":{"@id":"https:\/\/president-ksgov.net\/#website"},"primaryImageOfPage":{"@id":"https:\/\/president-ksgov.net\/conseil-pour-la-democratie-et-les-droits-de-lhomme\/#primaryimage"},"image":{"@id":"https:\/\/president-ksgov.net\/conseil-pour-la-democratie-et-les-droits-de-lhomme\/#primaryimage"},"thumbnailUrl":"https:\/\/president-ksgov.net\/wp-content\/uploads\/Zyra-e-Presidentes-Featured-Image1-e1678970937938.png","datePublished":"2023-05-05T11:18:35+00:00","dateModified":"2023-05-05T11:18:35+00:00","description":"Conseil pour la d\u00e9mocratie et les droits de l'homme - Presidente e Republik\u00ebs s\u00eb Kosov\u00ebs -","breadcrumb":{"@id":"https:\/\/president-ksgov.net\/conseil-pour-la-democratie-et-les-droits-de-lhomme\/#breadcrumb"},"inLanguage":"fr-FR","potentialAction":[{"@type":"ReadAction","target":["https:\/\/president-ksgov.net\/conseil-pour-la-democratie-et-les-droits-de-lhomme\/"]}]},{"@type":"ImageObject","inLanguage":"fr-FR","@id":"https:\/\/president-ksgov.net\/conseil-pour-la-democratie-et-les-droits-de-lhomme\/#primaryimage","url":"https:\/\/president-ksgov.net\/wp-content\/uploads\/Zyra-e-Presidentes-Featured-Image1-e1678970937938.png","contentUrl":"https:\/\/president-ksgov.net\/wp-content\/uploads\/Zyra-e-Presidentes-Featured-Image1-e1678970937938.png","width":1024,"height":716},{"@type":"BreadcrumbList","@id":"https:\/\/president-ksgov.net\/conseil-pour-la-democratie-et-les-droits-de-lhomme\/#breadcrumb","itemListElement":[{"@type":"ListItem","position":1,"name":"Home","item":"https:\/\/president-ksgov.net\/fr\/"},{"@type":"ListItem","position":2,"name":"Conseil pour la d\u00e9mocratie et les droits de l&rsquo;homme"}]},{"@type":"WebSite","@id":"https:\/\/president-ksgov.net\/#website","url":"https:\/\/president-ksgov.net\/","name":"Presidente e Republik\u00ebs s\u00eb Kosov\u00ebs","description":"Presidente e Republik\u00ebs s\u00eb Kosov\u00ebs","alternateName":"DR. VJOSA OSMANI - SADRIU","potentialAction":[{"@type":"SearchAction","target":{"@type":"EntryPoint","urlTemplate":"https:\/\/president-ksgov.net\/?s={search_term_string}"},"query-input":{"@type":"PropertyValueSpecification","valueRequired":true,"valueName":"search_term_string"}}],"inLanguage":"fr-FR"}]}},"_links":{"self":[{"href":"https:\/\/president-ksgov.net\/fr\/wp-json\/wp\/v2\/pages\/137989","targetHints":{"allow":["GET"]}}],"collection":[{"href":"https:\/\/president-ksgov.net\/fr\/wp-json\/wp\/v2\/pages"}],"about":[{"href":"https:\/\/president-ksgov.net\/fr\/wp-json\/wp\/v2\/types\/page"}],"author":[{"embeddable":true,"href":"https:\/\/president-ksgov.net\/fr\/wp-json\/wp\/v2\/users\/11"}],"replies":[{"embeddable":true,"href":"https:\/\/president-ksgov.net\/fr\/wp-json\/wp\/v2\/comments?post=137989"}],"version-history":[{"count":0,"href":"https:\/\/president-ksgov.net\/fr\/wp-json\/wp\/v2\/pages\/137989\/revisions"}],"wp:featuredmedia":[{"embeddable":true,"href":"https:\/\/president-ksgov.net\/fr\/wp-json\/wp\/v2\/media\/86338"}],"wp:attachment":[{"href":"https:\/\/president-ksgov.net\/fr\/wp-json\/wp\/v2\/media?parent=137989"}],"curies":[{"name":"wp","href":"https:\/\/api.w.org\/{rel}","templated":true}]}}

Conseil pour la démocratie et les droits de l&rsquo;homme

<!-- This site is optimized with the Yoast SEO plugin v23.5 - https://yoast.com/wordpress/plugins/seo/ -->
<title>Conseil pour la démocratie et les droits de l&#039;homme - Presidente e Republikës së Kosovës</title>
<meta name="description" content="Conseil pour la démocratie et les droits de l&#039;homme - Presidente e Republikës së Kosovës -" />
<meta name="robots" content="index, follow, max-snippet:-1, max-image-preview:large, max-video-preview:-1" />
<link rel="canonical" href="https://president-ksgov.net/conseil-pour-la-democratie-et-les-droits-de-lhomme/" />
<meta property="og:locale" content="fr_FR" />
<meta property="og:type" content="article" />
<meta property="og:title" content="Conseil pour la démocratie et les droits de l&#039;homme - Presidente e Republikës së Kosovës" />
<meta property="og:description" content="Conseil pour la démocratie et les droits de l&#039;homme - Presidente e Republikës së Kosovës -" />
<meta property="og:url" content="https://president-ksgov.net/conseil-pour-la-democratie-et-les-droits-de-lhomme/" />
<meta property="og:site_name" content="Presidente e Republikës së Kosovës" />
<meta property="og:image" content="https://president-ksgov.net/wp-content/uploads/Zyra-e-Presidentes-Featured-Image1-e1678970937938.png" />
	<meta property="og:image:width" content="1024" />
	<meta property="og:image:height" content="716" />
	<meta property="og:image:type" content="image/png" />
<meta name="twitter:card" content="summary_large_image" />
<script type="application/ld+json" class="yoast-schema-graph">{"@context":"https://schema.org","@graph":[{"@type":"WebPage","@id":"https://president-ksgov.net/conseil-pour-la-democratie-et-les-droits-de-lhomme/","url":"https://president-ksgov.net/conseil-pour-la-democratie-et-les-droits-de-lhomme/","name":"Conseil pour la démocratie et les droits de l'homme - Presidente e Republikës së Kosovës","isPartOf":{"@id":"https://president-ksgov.net/#website"},"primaryImageOfPage":{"@id":"https://president-ksgov.net/conseil-pour-la-democratie-et-les-droits-de-lhomme/#primaryimage"},"image":{"@id":"https://president-ksgov.net/conseil-pour-la-democratie-et-les-droits-de-lhomme/#primaryimage"},"thumbnailUrl":"https://president-ksgov.net/wp-content/uploads/Zyra-e-Presidentes-Featured-Image1-e1678970937938.png","datePublished":"2023-05-05T11:18:35+00:00","dateModified":"2023-05-05T11:18:35+00:00","description":"Conseil pour la démocratie et les droits de l'homme - Presidente e Republikës së Kosovës -","breadcrumb":{"@id":"https://president-ksgov.net/conseil-pour-la-democratie-et-les-droits-de-lhomme/#breadcrumb"},"inLanguage":"fr-FR","potentialAction":[{"@type":"ReadAction","target":["https://president-ksgov.net/conseil-pour-la-democratie-et-les-droits-de-lhomme/"]}]},{"@type":"ImageObject","inLanguage":"fr-FR","@id":"https://president-ksgov.net/conseil-pour-la-democratie-et-les-droits-de-lhomme/#primaryimage","url":"https://president-ksgov.net/wp-content/uploads/Zyra-e-Presidentes-Featured-Image1-e1678970937938.png","contentUrl":"https://president-ksgov.net/wp-content/uploads/Zyra-e-Presidentes-Featured-Image1-e1678970937938.png","width":1024,"height":716},{"@type":"BreadcrumbList","@id":"https://president-ksgov.net/conseil-pour-la-democratie-et-les-droits-de-lhomme/#breadcrumb","itemListElement":[{"@type":"ListItem","position":1,"name":"Home","item":"https://president-ksgov.net/fr/"},{"@type":"ListItem","position":2,"name":"Conseil pour la démocratie et les droits de l&rsquo;homme"}]},{"@type":"WebSite","@id":"https://president-ksgov.net/#website","url":"https://president-ksgov.net/","name":"Presidente e Republikës së Kosovës","description":"Presidente e Republikës së Kosovës","alternateName":"DR. VJOSA OSMANI - SADRIU","potentialAction":[{"@type":"SearchAction","target":{"@type":"EntryPoint","urlTemplate":"https://president-ksgov.net/?s={search_term_string}"},"query-input":{"@type":"PropertyValueSpecification","valueRequired":true,"valueName":"search_term_string"}}],"inLanguage":"fr-FR"}]}</script>
<!-- / Yoast SEO plugin. -->

Conseil pour la démocratie et les droits de l'homme - Presidente e Republikës së Kosovës

Conseil pour la démocratie et les droits de l'homme - Presidente e Republikës së Kosovës -

Presidente e Republikës së Kosovës
